{"id":18,"date":"2023-06-12T13:30:07","date_gmt":"2023-06-12T13:30:07","guid":{"rendered":"https:\/\/www.profiportret.cz\/?page_id=18"},"modified":"2026-02-12T16:24:17","modified_gmt":"2026-02-12T16:24:17","slug":"prodej","status":"publish","type":"page","link":"https:\/\/www.profiportret.cz\/en\/prodej\/","title":{"rendered":"Sale"},"content":{"rendered":"<div class=\"wp-block-columns is-layout-flex wp-container-core-columns-is-layout-9d6595d7 wp-block-columns-is-layout-flex\">\n<div class=\"wp-block-column is-layout-flow wp-block-column-is-layout-flow\">\n<p>Dear customers, <br>interested in purchasing my paintings, lithographs or restoration, please contact me at: <a href=\"mailto:veronika.jelenova@www.profiportret.cz\">veronika.jelenova@profiportret.cz<\/a> <br>or via mobile: <br><a data-type=\"tel\" data-id=\"tel:+420\u00a0736\u00a0184 001\" href=\"tel:+420\u00a0736\u00a0184 001\">+420\u00a0736\u00a0184 001<\/a><\/p>\n<\/div>\n<\/div>\n\n\n\n<p>Lithographs\/ex libris can also be purchased from these galleries:<\/p>\n\n\n\n<ul class=\"wp-block-list\">\n<li>Ad Galerie, Praha<\/li>\n\n\n\n<li>Galerie Barbara, Hradec Kr\u00e1lov\u00e9<\/li>\n\n\n\n<li>Galerie De Lara, Litomy\u0161l<\/li>\n\n\n\n<li>Galerie Heartinvest, Plze\u0148<\/li>\n\n\n\n<li>R\u00e1mov\u00e1n\u00ed Dantik, Praha<\/li>\n\n\n\n<li>Cafe Galerie Zelen\u00fd D\u016fm \u00dajezd nad Lesy<\/li>\n<\/ul>","protected":false},"excerpt":{"rendered":"<p>V\u00e1\u017een\u00ed z\u00e1jemci, o koupi m\u00fdch obraz\u016f, grafik, nebo o restaurov\u00e1n\u00ed, kontaktujte mne pros\u00edm na adrese: veronika.jelenova@profiportret.cz nebo na telefonn\u00edm \u010d\u00edsle: +420\u00a0736\u00a0184 001 Litografie\/ex libris lze tak\u00e9 zakoupit v&nbsp;t\u011bchto galeri\u00edch:<\/p>","protected":false},"author":1,"featured_media":0,"parent":0,"menu_order":0,"comment_status":"closed","ping_status":"closed","template":"","meta":{"_acf_changed":false,"footnotes":""},"class_list":["post-18","page","type-page","status-publish","hentry"],"acf":[],"yoast_head":"<!-- This site is optimized with the Yoast SEO plugin v26.9 - https:\/\/yoast.com\/product\/yoast-seo-wordpress\/ -->\n<title>Prodej - ProfiPortr\u00e9t<\/title>\n<meta name=\"robots\" content=\"index, follow, max-snippet:-1, max-image-preview:large, max-video-preview:-1\" \/>\n<link rel=\"canonical\" href=\"https:\/\/www.profiportret.cz\/en\/prodej\/\" \/>\n<meta property=\"og:locale\" content=\"en_GB\" \/>\n<meta property=\"og:type\" content=\"article\" \/>\n<meta property=\"og:title\" content=\"Prodej - ProfiPortr\u00e9t\" \/>\n<meta property=\"og:description\" content=\"V\u00e1\u017een\u00ed z\u00e1jemci, o koupi m\u00fdch obraz\u016f, grafik, nebo o restaurov\u00e1n\u00ed, kontaktujte mne pros\u00edm na adrese: veronika.jelenova@profiportret.cz nebo na telefonn\u00edm \u010d\u00edsle: +420\u00a0736\u00a0184 001 Litografie\/ex libris lze tak\u00e9 zakoupit v&nbsp;t\u011bchto galeri\u00edch:\" \/>\n<meta property=\"og:url\" content=\"https:\/\/www.profiportret.cz\/en\/prodej\/\" \/>\n<meta property=\"og:site_name\" content=\"ProfiPortr\u00e9t\" \/>\n<meta property=\"article:modified_time\" content=\"2026-02-12T16:24:17+00:00\" \/>\n<meta name=\"twitter:card\" content=\"summary_large_image\" \/>\n<meta name=\"twitter:label1\" content=\"Estimated reading time\" \/>\n\t<meta name=\"twitter:data1\" content=\"1 minute\" \/>\n<script type=\"application\/ld+json\" class=\"yoast-schema-graph\">{\"@context\":\"https:\/\/schema.org\",\"@graph\":[{\"@type\":\"WebPage\",\"@id\":\"https:\/\/www.profiportret.cz\/prodej\/\",\"url\":\"https:\/\/www.profiportret.cz\/prodej\/\",\"name\":\"Prodej - ProfiPortr\u00e9t\",\"isPartOf\":{\"@id\":\"https:\/\/www.profiportret.cz\/#website\"},\"datePublished\":\"2023-06-12T13:30:07+00:00\",\"dateModified\":\"2026-02-12T16:24:17+00:00\",\"breadcrumb\":{\"@id\":\"https:\/\/www.profiportret.cz\/prodej\/#breadcrumb\"},\"inLanguage\":\"en-GB\",\"potentialAction\":[{\"@type\":\"ReadAction\",\"target\":[\"https:\/\/www.profiportret.cz\/prodej\/\"]}]},{\"@type\":\"BreadcrumbList\",\"@id\":\"https:\/\/www.profiportret.cz\/prodej\/#breadcrumb\",\"itemListElement\":[{\"@type\":\"ListItem\",\"position\":1,\"name\":\"Dom\u016f\",\"item\":\"https:\/\/www.profiportret.cz\/\"},{\"@type\":\"ListItem\",\"position\":2,\"name\":\"Prodej\"}]},{\"@type\":\"WebSite\",\"@id\":\"https:\/\/www.profiportret.cz\/#website\",\"url\":\"https:\/\/www.profiportret.cz\/\",\"name\":\"ProfiPortr\u00e9t\",\"description\":\"\",\"publisher\":{\"@id\":\"https:\/\/www.profiportret.cz\/#\/schema\/person\/1056b1e82e010c8cb52945a855b084ae\"},\"potentialAction\":[{\"@type\":\"SearchAction\",\"target\":{\"@type\":\"EntryPoint\",\"urlTemplate\":\"https:\/\/www.profiportret.cz\/?s={search_term_string}\"},\"query-input\":{\"@type\":\"PropertyValueSpecification\",\"valueRequired\":true,\"valueName\":\"search_term_string\"}}],\"inLanguage\":\"en-GB\"},{\"@type\":[\"Person\",\"Organization\"],\"@id\":\"https:\/\/www.profiportret.cz\/#\/schema\/person\/1056b1e82e010c8cb52945a855b084ae\",\"name\":\"Veronika\",\"image\":{\"@type\":\"ImageObject\",\"inLanguage\":\"en-GB\",\"@id\":\"https:\/\/www.profiportret.cz\/#\/schema\/person\/image\/\",\"url\":\"https:\/\/secure.gravatar.com\/avatar\/8eca9da4f9d7ac48ae37db19197f9c2f0adc64e463cacc4872728095c3169925?s=96&d=mm&r=g\",\"contentUrl\":\"https:\/\/secure.gravatar.com\/avatar\/8eca9da4f9d7ac48ae37db19197f9c2f0adc64e463cacc4872728095c3169925?s=96&d=mm&r=g\",\"caption\":\"Veronika\"},\"logo\":{\"@id\":\"https:\/\/www.profiportret.cz\/#\/schema\/person\/image\/\"}}]}<\/script>\n<!-- \/ Yoast SEO plugin. -->","yoast_head_json":{"title":"Prodej - ProfiPortr\u00e9t","robots":{"index":"index","follow":"follow","max-snippet":"max-snippet:-1","max-image-preview":"max-image-preview:large","max-video-preview":"max-video-preview:-1"},"canonical":"https:\/\/www.profiportret.cz\/en\/prodej\/","og_locale":"en_GB","og_type":"article","og_title":"Prodej - ProfiPortr\u00e9t","og_description":"V\u00e1\u017een\u00ed z\u00e1jemci, o koupi m\u00fdch obraz\u016f, grafik, nebo o restaurov\u00e1n\u00ed, kontaktujte mne pros\u00edm na adrese: veronika.jelenova@profiportret.cz nebo na telefonn\u00edm \u010d\u00edsle: +420\u00a0736\u00a0184 001 Litografie\/ex libris lze tak\u00e9 zakoupit v&nbsp;t\u011bchto galeri\u00edch:","og_url":"https:\/\/www.profiportret.cz\/en\/prodej\/","og_site_name":"ProfiPortr\u00e9t","article_modified_time":"2026-02-12T16:24:17+00:00","twitter_card":"summary_large_image","twitter_misc":{"Estimated reading time":"1 minute"},"schema":{"@context":"https:\/\/schema.org","@graph":[{"@type":"WebPage","@id":"https:\/\/www.profiportret.cz\/prodej\/","url":"https:\/\/www.profiportret.cz\/prodej\/","name":"Prodej - ProfiPortr\u00e9t","isPartOf":{"@id":"https:\/\/www.profiportret.cz\/#website"},"datePublished":"2023-06-12T13:30:07+00:00","dateModified":"2026-02-12T16:24:17+00:00","breadcrumb":{"@id":"https:\/\/www.profiportret.cz\/prodej\/#breadcrumb"},"inLanguage":"en-GB","potentialAction":[{"@type":"ReadAction","target":["https:\/\/www.profiportret.cz\/prodej\/"]}]},{"@type":"BreadcrumbList","@id":"https:\/\/www.profiportret.cz\/prodej\/#breadcrumb","itemListElement":[{"@type":"ListItem","position":1,"name":"Dom\u016f","item":"https:\/\/www.profiportret.cz\/"},{"@type":"ListItem","position":2,"name":"Prodej"}]},{"@type":"WebSite","@id":"https:\/\/www.profiportret.cz\/#website","url":"https:\/\/www.profiportret.cz\/","name":"ProfiPortr\u00e9t","description":"","publisher":{"@id":"https:\/\/www.profiportret.cz\/#\/schema\/person\/1056b1e82e010c8cb52945a855b084ae"},"potentialAction":[{"@type":"SearchAction","target":{"@type":"EntryPoint","urlTemplate":"https:\/\/www.profiportret.cz\/?s={search_term_string}"},"query-input":{"@type":"PropertyValueSpecification","valueRequired":true,"valueName":"search_term_string"}}],"inLanguage":"en-GB"},{"@type":["Person","Organization"],"@id":"https:\/\/www.profiportret.cz\/#\/schema\/person\/1056b1e82e010c8cb52945a855b084ae","name":"Veronika","image":{"@type":"ImageObject","inLanguage":"en-GB","@id":"https:\/\/www.profiportret.cz\/#\/schema\/person\/image\/","url":"https:\/\/secure.gravatar.com\/avatar\/8eca9da4f9d7ac48ae37db19197f9c2f0adc64e463cacc4872728095c3169925?s=96&d=mm&r=g","contentUrl":"https:\/\/secure.gravatar.com\/avatar\/8eca9da4f9d7ac48ae37db19197f9c2f0adc64e463cacc4872728095c3169925?s=96&d=mm&r=g","caption":"Veronika"},"logo":{"@id":"https:\/\/www.profiportret.cz\/#\/schema\/person\/image\/"}}]}},"_links":{"self":[{"href":"https:\/\/www.profiportret.cz\/en\/wp-json\/wp\/v2\/pages\/18","targetHints":{"allow":["GET"]}}],"collection":[{"href":"https:\/\/www.profiportret.cz\/en\/wp-json\/wp\/v2\/pages"}],"about":[{"href":"https:\/\/www.profiportret.cz\/en\/wp-json\/wp\/v2\/types\/page"}],"author":[{"embeddable":true,"href":"https:\/\/www.profiportret.cz\/en\/wp-json\/wp\/v2\/users\/1"}],"replies":[{"embeddable":true,"href":"https:\/\/www.profiportret.cz\/en\/wp-json\/wp\/v2\/comments?post=18"}],"version-history":[{"count":10,"href":"https:\/\/www.profiportret.cz\/en\/wp-json\/wp\/v2\/pages\/18\/revisions"}],"predecessor-version":[{"id":570,"href":"https:\/\/www.profiportret.cz\/en\/wp-json\/wp\/v2\/pages\/18\/revisions\/570"}],"wp:attachment":[{"href":"https:\/\/www.profiportret.cz\/en\/wp-json\/wp\/v2\/media?parent=18"}],"curies":[{"name":"wp","href":"https:\/\/api.w.org\/{rel}","templated":true}]}}

<div class="wp-block-columns is-layout-flex wp-container-core-columns-is-layout-9d6595d7 wp-block-columns-is-layout-flex">
<div class="wp-block-column is-layout-flow wp-block-column-is-layout-flow">
<p>Dear customers, <br>interested in purchasing my paintings, lithographs or restoration, please contact me at: <a href="mailto:veronika.jelenova@www.profiportret.cz">veronika.jelenova@profiportret.cz</a> <br>or via mobile: <br><a data-type="tel" data-id="tel:+420 736 184 001" href="tel:+420 736 184 001">+420 736 184 001</a></p>
</div>
</div>



<p>Lithographs/ex libris can also be purchased from these galleries:</p>



<ul class="wp-block-list">
<li>Ad Galerie, Praha</li>



<li>Galerie Barbara, Hradec Králové</li>



<li>Galerie De Lara, Litomyšl</li>



<li>Galerie Heartinvest, Plzeň</li>



<li>Rámování Dantik, Praha</li>



<li>Cafe Galerie Zelený Dům Újezd nad Lesy</li>
</ul>

<p>Vážení zájemci, o koupi mých obrazů, grafik, nebo o restaurování, kontaktujte mne prosím na adrese: veronika.jelenova@profiportret.cz nebo na telefonním čísle: +420 736 184 001 Litografie/ex libris lze také zakoupit v&nbsp;těchto galeriích:</p>

<!-- This site is optimized with the Yoast SEO plugin v26.9 - https://yoast.com/product/yoast-seo-wordpress/ -->
<title>Prodej - ProfiPortrét</title>
<meta name="robots" content="index, follow, max-snippet:-1, max-image-preview:large, max-video-preview:-1" />
<link rel="canonical" href="https://www.profiportret.cz/en/prodej/" />
<meta property="og:locale" content="en_GB" />
<meta property="og:type" content="article" />
<meta property="og:title" content="Prodej - ProfiPortrét" />
<meta property="og:description" content="Vážení zájemci, o koupi mých obrazů, grafik, nebo o restaurování, kontaktujte mne prosím na adrese: veronika.jelenova@profiportret.cz nebo na telefonním čísle: +420 736 184 001 Litografie/ex libris lze také zakoupit v&nbsp;těchto galeriích:" />
<meta property="og:url" content="https://www.profiportret.cz/en/prodej/" />
<meta property="og:site_name" content="ProfiPortrét" />
<meta property="article:modified_time" content="2026-02-12T16:24:17+00:00" />
<meta name="twitter:card" content="summary_large_image" />
<meta name="twitter:label1" content="Estimated reading time" />
	<meta name="twitter:data1" content="1 minute" />
<script type="application/ld+json" class="yoast-schema-graph">{"@context":"https://schema.org","@graph":[{"@type":"WebPage","@id":"https://www.profiportret.cz/prodej/","url":"https://www.profiportret.cz/prodej/","name":"Prodej - ProfiPortrét","isPartOf":{"@id":"https://www.profiportret.cz/#website"},"datePublished":"2023-06-12T13:30:07+00:00","dateModified":"2026-02-12T16:24:17+00:00","breadcrumb":{"@id":"https://www.profiportret.cz/prodej/#breadcrumb"},"inLanguage":"en-GB","potentialAction":[{"@type":"ReadAction","target":["https://www.profiportret.cz/prodej/"]}]},{"@type":"BreadcrumbList","@id":"https://www.profiportret.cz/prodej/#breadcrumb","itemListElement":[{"@type":"ListItem","position":1,"name":"Domů","item":"https://www.profiportret.cz/"},{"@type":"ListItem","position":2,"name":"Prodej"}]},{"@type":"WebSite","@id":"https://www.profiportret.cz/#website","url":"https://www.profiportret.cz/","name":"ProfiPortrét","description":"","publisher":{"@id":"https://www.profiportret.cz/#/schema/person/1056b1e82e010c8cb52945a855b084ae"},"potentialAction":[{"@type":"SearchAction","target":{"@type":"EntryPoint","urlTemplate":"https://www.profiportret.cz/?s={search_term_string}"},"query-input":{"@type":"PropertyValueSpecification","valueRequired":true,"valueName":"search_term_string"}}],"inLanguage":"en-GB"},{"@type":["Person","Organization"],"@id":"https://www.profiportret.cz/#/schema/person/1056b1e82e010c8cb52945a855b084ae","name":"Veronika","image":{"@type":"ImageObject","inLanguage":"en-GB","@id":"https://www.profiportret.cz/#/schema/person/image/","url":"https://secure.gravatar.com/avatar/8eca9da4f9d7ac48ae37db19197f9c2f0adc64e463cacc4872728095c3169925?s=96&d=mm&r=g","contentUrl":"https://secure.gravatar.com/avatar/8eca9da4f9d7ac48ae37db19197f9c2f0adc64e463cacc4872728095c3169925?s=96&d=mm&r=g","caption":"Veronika"},"logo":{"@id":"https://www.profiportret.cz/#/schema/person/image/"}}]}</script>
<!-- / Yoast SEO plugin. -->

Prodej - ProfiPortrét

Vážení zájemci, o koupi mých obrazů, grafik, nebo o restaurování, kontaktujte mne prosím na adrese: veronika.jelenova@profiportret.cz nebo na telefonním čísle: +420 736 184 001 Litografie/ex libris lze také zakoupit v&nbsp;těchto galeriích:

ProfiPortrét

Domů
